 - 202. Let q = 365 + 170. Suppose 0*h = -5*h + q. What is the remainder when h is divided by w?
26
Let f(k) = k**3 - 2*k**2 + 7*k - 5. Let s be (-3)/2*(-12)/9. Let z = -9 + 24. Calculate the remainder when z is divided by f(s).
6
Let a = -17 - -37. Suppose 5*v + 4*r = 224, -5*v + 260 = 24*r - 29*r. What is the remainder when a is divided by (-150)/(-40)*v/20?
2
Let x = -162 - -169. Let m(d) = 2*d**2 - 13*d + 7. Calculate the remainder when 179 is divided by m(x).
11
Calculate the remainder when 3441/(-124)*248/(-21) - 4/(-14) is divided by 69.
52
Let v(a) = 2*a - 22. Let z be v(8). What is the remainder when (-4)/z - 380/(-15) is divided by (-1 + 0/3)*-7?
5
Suppose 17 = j - 4*t, -14*t = 3*j - 16*t - 31. Let p be (7/(-4))/(1/(-20)). Suppose -2*n = j - p. Calculate the remainder when 100 is divided by n.
9
Suppose -4*a + 214 = 801*y - 806*y, -4*a - 2*y + 256 = 0. What is the remainder when 178 is divided by a?
56
Suppose -x - 2*x = -3*j + 6, 3*j = -3*x + 24. Let l = -27 - -1. Let v = -16 - l. What is the remainder when v is divided by j?
0
Let w = 20275 - 19967. What is the remainder when w is divided by 295?
13
Suppose 16*m + 4*m = 240. Suppose -4*i + 8*i + m = 0, -f + 96 = 2*i. Calculate the remainder when f is divided by 26.
24
Suppose -2*h - 182 = -2*s, 4*h - 49 - 97 = -2*s. Calculate the remainder when 1359 is divided by s.
84
Calculate the remainder when (-384030)/(-357) + 4/14 is divided by 30.
26
Let l = -16224 + 16354. What is the remainder when 276 is divided by l?
16
Let z = 127 - 122. Suppose -z*l - 178 = -m, -5*m + 790 = -0*m - 5*l. What is the remainder when m is divided by 32?
25
Suppose 0 = -2*n + 6 + 8. Suppose 9*t + 2*q + 1108 = 6*t, 4*t + 5*q + 1468 = 0. Calculate the remainder when (-8)/28 + (3 - t/28) is divided by n.
2
Let k(p) = 6*p**2 - 8*p + 13. Let y be k(2). Suppose 0 = y*i - 20*i - 12. What is the remainder when 142 is divided by i?
10
Suppose 3*s + 128*w - 855 = 125*w, -2*w = -4*s + 1134. What is the remainder when s is divided by 109?
66
Let o(k) = -k**3 - 4*k**2 + 20*k + 26. Let u = 100 - 112. Let q be o(u). Calculate the remainder when q/6 - (-10)/15 is divided by 40.
37
Calculate the remainder when 2573 is divided by 26/104*(-10)/2 + 473/4.
116
Suppose -5*i - 5*t + 530 = -315, -5*i = -4*t - 827. What is the remainder when 230 is divided by i?
63
What is the remainder when (17/34)/(((-30)/(-3460))/3) is divided by (36/(-15))/((-3)/50)?
13
Let c = 5 - 17. Let w(s) = -58*s - 20. Let f be w(c). Suppose 17*r + 132 - f = 0. Calculate the remainder when r is divided by 11.
10
Suppose 3*u + 1223 = 4*t - 2*u, -3*t - 5*u + 891 = 0. Suppose 2*r - 5*z = 53 + 64, -3*z - t = -5*r. Calculate the remainder when 364 is divided by r.
59
Let i(d) = -3*d + 28. Let o be i(10). Let m(u) = -105*u - 14. What is the remainder when m(o) is divided by 33?
31
Let u(y) = y**3 - 18*y**2 - 3*y + 46. Let c be u(18). What is the remainder when 44 is divided by 286/88 + 2/c - -6?
8
Let u(d) = 2*d**2 + 11*d - 4. Let l be u(-6). Let y be (-123)/(-9) + (-1)/(-3). Calculate the remainder when -4 + (y - 3) + l is divided by 4.
1
Let w = 2 + -2. Suppose -5*x - g + w*g = -273, 15 = 5*g. Suppose 152082 = 345*m + 369*m. What is the remainder when m is divided by x?
51
Let s = -51 - -86. Let v(h) = h**3 - 6*h**2 + h + 13. Suppose 0 = -k + 2*w - 7*w + 11, k - 5*w = 1. Calculate the remainder when s is divided by v(k).
16
Suppose 3*q - 6 = -r + 18, 28 = 4*r - 5*q. Suppose 6*m = -r*m + 2790. Calculate the remainder when m is divided by 32.
27
Let g = -3 + 5. Suppose 379 - 457 = -6*j. Calculate the remainder when j + (1 - (11 - 3)) is divided by g.
0
Suppose 131*q = 101054 - 23633. Calculate the remainder when q is divided by (-1)/5 + (-2317)/(-35).
63
Let y(h) = -2*h**3 - 91*h**2 - 45*h + 59. What is the remainder when y(-45) is divided by 2/6 - -16*10/6?
5
Let x(g) be the first derivative of g**2 - 33*g - 8. Let z be x(18). Suppose -z*a - y - 4 = -4*a, 2*a - 3 = 3*y. What is the remainder when 10 is divided by a?
1
Let i(o) = o + 4. Let p be i(-7). Let f be -1 - (p/1 + -3). Suppose -f*z + 8*z - 36 = 0. Calculate the remainder when 35 is divided by z.
11
Let s = 937 - 335. Suppose -5338 = -483*c + 27023. What is the remainder when s is divided by c?
66
Suppose 2432 = 61*f - 69. What is the remainder when 301 is divided by f?
14
Let w = 4671 + -1443. Suppose 0 = 2*g - w + 508. What is the remainder when (-1 - (-10)/12) + g/96 is divided by 5?
4
Suppose -5*v + 0*r + 375 = 5*r, 0 = -v + r + 77. Suppose -v = 7*i - 181. What is the remainder when 132 is divided by i?
12
Let g = 463 - 459. Suppose -81*v + 80*v + 57 = g*q, 5*q + v - 72 = 0. Calculate the remainder when q is divided by 8.
7
Suppose 3 = -d + 28. Let s(k) = 4*k**2 - 21*k + 12. Let t be s(8). Let y = -4 + t. What is the remainder when y is divided by d?
21
Calculate the remainder when 264/14*-98*27/(-378) is divided by 51.
30
Suppose -4*m = -5*m + 2. Let q = -141 + 144. Suppose -3*p + 10 = m*r - 22, -q*p = 12. Calculate the remainder when 130 is divided by r.
20
Let a = 2220 + -2210. Calculate the remainder when 577 is divided by a.
7
Suppose 26*t - 68*t + 97566 = 160*t. What is the remainder when t is divided by 183?
117
Let f(j) = 3*j**2 - 299*j - 353. What is the remainder when f(103) is divided by 113?
112
Suppose -111 = 12*i - 339. Let b(l) = 3*l**2 - 57*l + 4. What is the remainder when 29 is divided by b(i)?
1
Suppose 0 = -3*w + 7*w + 4*s - 420, w - 5*s - 87 = 0. Let t = 77 - 62. What is the remainder when w is divided by t/3 + (1 - -9)?
12
Suppose -3*d + 0*u + 1 = 4*u, 0 = -5*d - 4*u + 7. Suppose -d*a + 6 + 24 = 0. Suppose -4*f = -32 - 120. What is the remainder when f is divided by a?
8
Suppose -8*u = -21*u + 10*u + 3225. Calculate the remainder when 3234 is divided by u.
9
Let p(s) = -7*s + 140. Let b be p(20). What is the remainder when 1 + 1/1*1 is divided by 31/62*(b - -2)?
0
Let g(x) = 4 - 4 + 2*x**2 + 8*x. Suppose 9*n - 35 = 12*n + 4*b, 2*n + 25 = -3*b. Calculate the remainder when 47 is divided by g(n).
7
Suppose -19*k + 464 = -391. Calculate the remainder when 61 is divided by k.
16
Suppose 3456*g = 3478*g - 14432. What is the remainder when g is divided by 213?
17
Suppose 7 = -4*m + 99. Suppose 0 = 25*q - m*q - 460. Suppose 76 + q = 3*i. Calculate the remainder when i is divided by 26.
24
Let a(m) = 377*m**3 - 3*m**2 - m + 5. What is the remainder when a(1) is divided by 98?
84
Suppose x = -4*a + 11 + 42, a - 2*x - 2 = 0. Let v = 63 - 49. Suppose v*m = 6*m + 744. What is the remainder when m is divided by a?
9
Suppose -2*k - 72 = -6*k - 2*z, -60 = -2*k + 5*z. Let h(m) = 532*m**3 - 2*m**2 + m. Let u be h(1). Calculate the remainder when (-2)/3*u/(-6) is divided by k.
19
Suppose -2572 = -48*h + 2900. Suppose -86*t = -92*t + h. Calculate the remainder when 433 is divided by t.
15
Let m = -52 + 77. Suppose 0 = -n + 112 + 47. Suppose -2*z + 5*k = -189, 4*z + n = -k + 548. What is the remainder when z is divided by m?
22
Suppose 364*c + 386*c - 8964 = 252*c. Let z(k) = k + 56. What is the remainder when z(0) is divided by c?
2
Suppose 71*w + 414 - 86 = 112*w. Let c = -7 - -21. What is the remainder when c is divided by w?
6
Suppose 5*b + f = 15, -2*b + 4*f - 12 = -6*b. Suppose -7*y + b*y + 12 = 0. Suppose 0 = y*n + 27 - 78. Calculate the remainder when 33 is divided by n.
16
Let r = -6251 - -6493. Suppose q - s + 14 = 3*q, -2*s = -4*q + 44. Calculate the remainder when r is divided by q.
8
Let o(s) = -s**3 + 4*s**2 + 13*s - 8. Suppose 3*y = -6*y + 45. Let k be o(y). Let t = 35 - k. Calculate the remainder when 11 is divided by t.
2
Let a = -1674 - -1780. Calculate the remainder when a is divided by 52.
2
Let f be (48/10 + -6)/((-6)/42220). Suppose -35*x - 44 + f = 0. What is the remainder when x is divided by 61?
57
Let i = -21967 + 22016. Calculate the remainder when 159 is divided by i.
12
Let p be (-297)/(-15) + 4/(1 - -19). Suppose 3*m = 64 + p. What is the remainder when (8/4)/(8/m) is divided by 3?
1
Let i be 6/(0 - 1) + 179. Let n = -169 + i. Suppose -3*q - 175 = -5*g, 5*g - 213 = 5*q - 38. Calculate the remainder when g is divided by n.
3
Let u(a) = a**3 + 3*a**2 - a + 13. Let c(n) = 126*n**2 - 5*n + 5. What is the remainder when c(1) is divided by u(3)?
62
Let w = -140 - -239.